{"id":151,"date":"2012-07-15T22:13:24","date_gmt":"2012-07-16T01:13:24","guid":{"rendered":"http:\/\/blog.brelaz.com.br\/?page_id=151"},"modified":"2012-07-16T03:18:28","modified_gmt":"2012-07-16T06:18:28","slug":"base-teorica","status":"publish","type":"page","link":"https:\/\/blog.brelaz.com.br\/?page_id=151","title":{"rendered":"Base Te\u00f3rica"},"content":{"rendered":"<p>Como ponto de partida para um panorama de autores que fundamentam esta pesquisa prop\u00f5e-se adotar o referencial epistemol\u00f3gico sustentado pela Teoria Geral da Arquitetura da Informa\u00e7\u00e3o (LIMA-MARQUES, 2011), que possui embasamento na Fenomenologia, idealizado pelo fil\u00f3sofo matem\u00e1tico e l\u00f3gico Edmund Husserl (1859-1938). Este conceito apresenta uma correla\u00e7\u00e3o entre sujeito (homem), objeto (presente no mundo) e imagem (conhecimento para o sujeito) representando o fen\u00f4meno.<\/p>\n<p>No \u00e2mbito da Ci\u00eancia da Informa\u00e7\u00e3o, prop\u00f5e-se estudar as obras de Bates (1999), que demonstra preocupa\u00e7\u00e3o com quest\u00f5es elementares como a defini\u00e7\u00e3o de <em>informa\u00e7\u00e3o<\/em> e a intera\u00e7\u00e3o dos seres humanos com a <em>informa\u00e7\u00e3o<\/em>. As obras de Saracevic (1995) tamb\u00e9m poder\u00e3o contribuir para esta pesquisa atrav\u00e9s de sua relevante observa\u00e7\u00e3o sobre a natureza interdisciplinar da Ci\u00eancia da Informa\u00e7\u00e3o. Em conformidade com esta observa\u00e7\u00e3o, Hofkirchner (2009) prop\u00f5e uma busca pela Teoria Unificada da Informa\u00e7\u00e3o. Este autor tamb\u00e9m observa as importantes evolu\u00e7\u00f5es na Ci\u00eancia da Informa\u00e7\u00e3o na busca para a resolu\u00e7\u00e3o dos Problemas em Abertos na Filosofia da Informa\u00e7\u00e3o propostos por Floridi (2004). Prop\u00f5e-se estudar a posi\u00e7\u00e3o de Brier (2004) com sua proposta da ciber-semi\u00f3tica, que tamb\u00e9m busca uma Teoria Unificada da Informa\u00e7\u00e3o.<\/p>\n<p>Atrav\u00e9s da ideia de Arquitetura de Informa\u00e7\u00e3o observada em Lima-Marques (2011), considera-se a <em>informa\u00e7\u00e3o<\/em> na esfera dos objetos, ou seja, um registro no mundo independente do sujeito. A ci\u00eancia que estuda os objetos naturais e seus comportamentos atrav\u00e9s de uma compreens\u00e3o cient\u00edfica \u00e9 a F\u00edsica, que por sua vez utiliza a Matem\u00e1tica e a L\u00f3gica como linguagem natural. Shannon (1916-2001), em sua Teoria Matem\u00e1tica da Comunica\u00e7\u00e3o (1948), utilizou uma grandeza F\u00edsica para quantificar a informa\u00e7\u00e3o: a Entropia. A partir dessa abordagem, a Mec\u00e2nica Qu\u00e2ntica tamb\u00e9m passou a utilizar essa grandeza para medir a quantidade de Informa\u00e7\u00e3o Qu\u00e2ntica.<\/p>\n<p>Nesse contexto, a busca pela natureza da informa\u00e7\u00e3o proporcionada pela Mec\u00e2nica Qu\u00e2ntica tem se demonstrado promissora. Diversos autores observados em an\u00e1lise pr\u00e9via para composi\u00e7\u00e3o deste projeto apontam para um campo emergente de pesquisa interdisciplinar chamado <em>Ci\u00eancia da Informa\u00e7\u00e3o Qu\u00e2ntica<\/em>. Nielsen &amp; Chuang (2005) explicam que o objetivo da Ci\u00eancia da Informa\u00e7\u00e3o Qu\u00e2ntica \u00e9 compreender os princ\u00edpios gerais de alto n\u00edvel que governam sistemas qu\u00e2nticos complexos. Lloyd (2009) j\u00e1 afirma que essa ci\u00eancia estuda as consequ\u00eancias da natureza digital do universo, ou seja, que estuda a comunica\u00e7\u00e3o e a computa\u00e7\u00e3o em seu n\u00edvel f\u00edsico mais fundamental.<\/p>\n<p>Sugere-se que esses autores de diferentes \u00e1reas do conhecimento possam contribuir para a base te\u00f3rica que fundamenta este projeto de mestrado. No entanto, novos autores poder\u00e3o surgir ao longo da pesquisa.<\/p>\n<p>Refer\u00eancias:<\/p>\n<p>BATES, M. J. The invisible substrate of information science. <strong>Journal of the American Society for Information Science<\/strong>, v. 50, n. 12, p. 1043-1050, 1999.<\/p>\n<p>BRIER, S. Cybersemiotics and the Problems of the Information-Processing Paradigm as a Candidate for a Unified Science of Information Behind. <strong>Library Trends<\/strong>, v. 52, n. 3, p. 629-657, 2004.<\/p>\n<p>FLORIDI, L. Open Problems in the Philosophy of Information. <strong>Metaphilosophy<\/strong>, v. 35, n. 4, p. 554-582, jul 2004.<\/p>\n<p>HOFKIRCHNER, W. How to achieve a unified theory of information. <strong>tripleC<\/strong>, v. 7, n. 2, p. 357-368, 2009.<\/p>\n<p>LIMA\u2013MARQUES, M. Outline of a theoretical framework of Architecture of Information: a School of Brasilia proposal. In: BEZIAU, J.-Y.; CONIGLIO, M. E. (Eds.). <strong>Logic without Frontiers: Festschrift for Walter Alexandre Carnielli on the Occasion of His 60th Birthday<\/strong>. London: [s.n.], 2011.<\/p>\n<p>LLOYD, S. <strong>Quantum Information Science<\/strong>. Massachusetts: Massachusetts Institute of Technology. Dispon\u00edvel em: &lt;http:\/\/web.mit.edu\/2.111\/www\/notes09\/spring.pdf&gt;. Acesso em: 16 jul. 2012. , 2009.<\/p>\n<p>NIELSEN, M. A.; CHUANG, I. L. <strong>Computa\u00e7\u00e3o qu\u00e2ntica e informa\u00e7\u00e3o qu\u00e2ntica<\/strong>. [S.l.]: Bookman, 2005. p. 734<\/p>\n<p>SARACEVIC, T. Interdisciplinary nature of information science. <strong>Ci\u00eancia da Informa\u00e7\u00e3o<\/strong>, v. 24, n. 1, 1995.<\/p>\n<p>SHANNON, C. E. A mathematical theory of communication. <strong>The Bell System Technical Journal<\/strong>, v. 27, p. 379\u2013423, 623\u2013656, 1 jan 1948.<\/p>\n","protected":false},"excerpt":{"rendered":"<p>Como ponto de partida para um panorama de autores que fundamentam esta pesquisa prop\u00f5e-se adotar o referencial epistemol\u00f3gico sustentado pela Teoria Geral da Arquitetura da Informa\u00e7\u00e3o (LIMA-MARQUES, 2011), que possui embasamento na Fenomenologia, idealizado pelo fil\u00f3sofo matem\u00e1tico e l\u00f3gico Edmund &hellip; <a href=\"https:\/\/blog.brelaz.com.br\/?page_id=151\">Continuar lendo <span class=\"meta-nav\">&rarr;<\/span><\/a><\/p>\n","protected":false},"author":1,"featured_media":0,"parent":132,"menu_order":4,"comment_status":"open","ping_status":"closed","template":"","meta":{"footnotes":""},"class_list":["post-151","page","type-page","status-publish","hentry"],"_links":{"self":[{"href":"https:\/\/blog.brelaz.com.br\/index.php?rest_route=\/wp\/v2\/pages\/151","targetHints":{"allow":["GET"]}}],"collection":[{"href":"https:\/\/blog.brelaz.com.br\/index.php?rest_route=\/wp\/v2\/pages"}],"about":[{"href":"https:\/\/blog.brelaz.com.br\/index.php?rest_route=\/wp\/v2\/types\/page"}],"author":[{"embeddable":true,"href":"https:\/\/blog.brelaz.com.br\/index.php?rest_route=\/wp\/v2\/users\/1"}],"replies":[{"embeddable":true,"href":"https:\/\/blog.brelaz.com.br\/index.php?rest_route=%2Fwp%2Fv2%2Fcomments&post=151"}],"version-history":[{"count":7,"href":"https:\/\/blog.brelaz.com.br\/index.php?rest_route=\/wp\/v2\/pages\/151\/revisions"}],"predecessor-version":[{"id":184,"href":"https:\/\/blog.brelaz.com.br\/index.php?rest_route=\/wp\/v2\/pages\/151\/revisions\/184"}],"up":[{"embeddable":true,"href":"https:\/\/blog.brelaz.com.br\/index.php?rest_route=\/wp\/v2\/pages\/132"}],"wp:attachment":[{"href":"https:\/\/blog.brelaz.com.br\/index.php?rest_route=%2Fwp%2Fv2%2Fmedia&parent=151"}],"curies":[{"name":"wp","href":"https:\/\/api.w.org\/{rel}","templated":true}]}}